w = l - q. Is w composite?
False
Let a(j) = 2*j - 5 - 3*j + 4 + 2. Let g be a(-1). Suppose 6*f = 8*f - 4, 0 = g*k - 2*f - 218. Is k a prime number?
False
Let f(c) = 4 - 7 + 4*c - 11*c**2 + 0*c + 5*c**3 + 4. Let s(h) = -h**3 + 2*h**2 + 4*h + 1. Let x be s(3). Is f(x) a composite number?
True
Let o = -242 + 251. Suppose t - 4*y - 118 = 0, 0*y = -4*t + 4*y + 448. Let k = o + t. Is k prime?
False
Let d(p) = 6*p**2 + 12*p + 6. Let l be d(-2). Suppose -l*h + 44984 = -2*h - 3*o, -56233 = -5*h + 3*o. Is h prime?
False
Suppose 0 = 53*i - 56*i + 6. Suppose i*v - 4342 = -5*b, -7*v + 2*b = -6*v - 2153. Is v composite?
False
Let a = 25 - 22. Suppose a*j = 3*h + h + 2, 0 = 3*j - h - 5. Suppose 12 = z - b - 112, j*b - 6 = 0. Is z composite?
False
Suppose 0 = -16987*a + 17006*a - 459743. Is a composite?
False
Let f = 945013 + -587958. Is f prime?
False
Suppose -65*i = -70*i - m + 1950721, -i + 390167 = 4*m. Is i prime?
False
Let l = -21 - -21. Suppose g + g = 6, 5*n - 22 = -4*g. Suppose b = -z + 360, 5*z - n*b - 2*b - 1755 = l. Is z a prime number?
False
Suppose -11*b + 5*b = 30816. Let r be 2/5 + b/(-10). Let s = r - 247. Is s prime?
False
Suppose 55160 - 430332 = -7*n. Suppose n = 20*g - 125424. Is g a prime number?
True
Let n(l) = 7*l**2 + 66*l - 15. Let j(a) = -a**3 - 16*a**2 - 12*a + 23. Let c be j(-15). Is n(c) a composite number?
True
Let f be (-2)/(-14) - 1/7. Let q = 580 - 578. Suppose 0 = q*l + 3*j - 989, 3*l + j + 2*j - 1476 = f. Is l prime?
True
Suppose -2*v + 4*s + 62630 = 0, -5*s = -266*v + 270*v - 125208. Is v prime?
True
Let s(z) = z**3 + 11*z**2 - 8*z - 7. Let n be s(-10). Suppose 2*a = -3*b + 65, -5*a - 2*b - 2*b + n = 0. Let r = a - -140. Is r prime?
False
Let k(f) = 573*f**2 + f + 2. Let h be k(-1). Let s = 996 - h. Let d = 627 - s. Is d composite?
True
Suppose 15*t - 175 = 65. Suppose 4*r + 0*r - t = -2*l, 3*l + 3 = 3*r. Suppose 5*n + l*a = 2*n + 7279, -7303 = -3*n + 4*a. Is n a prime number?
False
Let w = 318582 - 188579. Is w prime?
True
Is (-3612762)/(-18) + (3*(-16)/(-6))/2 prime?
True
Let u = 1183941 - 816176. Is u composite?
True
Let b(t) = t**2 - 1. Suppose 0 = -27*h + 23*h - 4. Let y(s) = -636*s**2 + s + 6. Let m(x) = h*y(x) - 4*b(x). Is m(-1) a prime number?
True
Let y(f) = -3436*f + 136. Let c be y(-6). Let m = -4391 + c. Is m a prime number?
True
Suppose 11*c - 80350 = c. Let i = -476 + c. Is i a prime number?
True
Let q(x) be the third derivative of 1577*x**5/30 - x**4/12 + x**3/2 + 91*x**2. Is q(1) a prime number?
False
Let u = 145 + -140. Suppose 7*t - u*t = d - 737, 3*d + 5*t = 2244. Is d a prime number?
True
Suppose 0 = -46*y + 6633149 + 8896180 - 2658667. Is y a prime number?
False
Let y(f) = 8 - 5 - 165*f + 35. Is y(-5) a composite number?
False
Suppose 49415360 = 76*s - 12*s. Is s prime?
False
Suppose -73 - 27 = -20*i. Suppose 5*x + 3*l = -2105, i*x - 4*l + 800 = -1340. Let f = x + 755. Is f a composite number?
False
Suppose -375*d + 4 = -374*d, 5*l + 5*d = 3744835. Is l a composite number?
False
Let s be (8 - (-4)/(-1))*(-2)/4. Is 1 - s - (8 + -1899) prime?
False
Let z be 1/(3/6) - 11. Let t = 13 + z. Suppose 0*g - 478 = -t*m - 3*g, 3*g + 490 = 4*m. Is m composite?
True
Suppose -18*w + 182 = -250. Suppose 15281 = w*d - 17*d. Is d a composite number?
True
Suppose -z + 129837 = 5*v, -2*v + 5*z + 41387 = -10564. Suppose 11*m + v = 59*m. Is m a prime number?
True
Suppose 303612 = -175*u + 187*u. Is u composite?
False
Suppose -42*d = 162*d - 27217068. Is d composite?
False
Let t(c) = -c**3 - 8*c**2 + 7*c - 18. Let g be t(-9). Let i(x) = -3*x**3 - 10*x**2 - 2*x - 2. Let v be i(-7). Suppose -z + 0*z + v = g. Is z prime?
False
Let w(s) = -s**2 - 2*s - 1. Let b be w(-1). Let g(o) = -9*o**2 + 8*o**2 - 16*o + 9 + b*o**2. Is g(-10) a prime number?
False
Suppose -190*o + 740 = -186*o. Suppose -o*w + 28802 = -183*w. Is w composite?
False
Suppose 36*c - 45*c - 126765 = 0. Is ((-1540)/(-440))/(1 + c/14086) a composite number?
True
Is -5 + (198/14)/3 + 666910/70 prime?
False
Suppose -4*v - 338*q = -343*q - 3593726, -3*v - q + 2695323 = 0. Is v composite?
False
Let u be 0/1 + 14 - (-6)/(-3). Is (-8)/u*18/(-24)*502 composite?
False
Let m = 139 - 145. Is (1903/(-1))/(-5 - (m - -2)) composite?
True
Let d be 2/(-4) - 909/(-2). Let h be -22*((10 - -1) + 323/34 + -10). Let j = d + h. Is j prime?
True
Suppose 107*m - 120*m = -1111981. Is m a composite number?
True
Let x(c) = 101*c**2 - 226*c - 404. Is x(-93) prime?
False
Let g(y) = 263*y**3 - 3*y**2 + 11*y - 3. Suppose -k + 9 - 7 = 0. Is g(k) prime?
True
Let i be 0*((-16)/(-112))/((-2)/(-7)). Suppose i = 4*j + 20, 4*a + 7*j - 9*j = 38662. Is a prime?
False
Suppose 0 = c - 36660 - 665. Suppose 5*m + n - 62201 = -2*n, -3*m = 4*n - c. Suppose 4*i + x - m = 0, 4*x - 4845 = -4*i + 7603. Is i a composite number?
False
Let i = -12 + 14. Let m be -7 + (i - 2) + 3. Is 12990/m*(-1 + 4/12) a prime number?
False
Let b(y) = 1842*y**2 - 59*y - 72 + 21*y + 23 + 20*y + 264*y**2. Is b(-4) a composite number?
True
Is ((-1)/(-4) - (-3318117)/396)*(-3)/(-2) a prime number?
True
Let t(q) = -383*q + 90. Let i be t(-10). Suppose -3*u + i = 137. Is u prime?
False
Suppose 0 = -2*a - 9*a + 4796. Let y = a + 345. Is y prime?
False
Suppose -12 = 4*v, 5*l + 4*v - 1008564 - 599429 = 0. Is l prime?
False
Let m(n) = 1978*n**3 - n**2 + 22*n - 47. Is m(4) prime?
False
Suppose 47*o = 44*o - 5*k - 2814, 8*k + 24 = 0. Suppose 0*a - 6712 = 4*a. Let i = o - a. Is i a prime number?
False
Let j be 3/(-27) + 490*(-7)/(-9). Suppose -j*w + 195543 = -372*w. Is w a composite number?
False
Let z(h) = -4*h - 93. Let r be z(-24). Let v be (0 - -2) + (-4 - -4). Suppose -r*n - 3*w + 680 = -880, -v*n = -3*w - 1055. Is n a prime number?
True
Suppose 90*z = 83*z - 6615. Let m = z + 1396. Is m a prime number?
False
Suppose -4*z - 21 = -11*z. Suppose 3*v - 6 = -3*c, -4*v + 5*v + z*c = 0. Is 138 + 15 + (v - -1) a prime number?
True
Let p(o) = -o**2 + 2*o + 8. Let t be p(4). Suppose t = f + 3, -3*f - 3356 = -5*c - 6*f. Is c prime?
True
Let o(s) = -102*s - 39. Let f(m) = -1020*m - 390. Let d(z) = 2*f(z) - 21*o(z). Is d(16) a prime number?
False
Suppose 0 = -25*d + 30*d + 315. Is (d/6 - -3)/(9/(-5982)) a composite number?
True
Suppose 0 = 18*c + 4 - 58. Suppose 0*x + 2*p = 3*x - 771, x - 268 = -c*p. Is x composite?
True
Suppose -i - 2169 - 4280 = 4*d, -3*i - 19317 = -3*d. Let z = i + 9112. Is z a prime number?
True
Let h = -270125 + 992862. Is h prime?
True
Let t be (3*-2)/(-3*(-2)/(-3)). Suppose 0 = t*v + 8*v - 77. Suppose v*d - 858 = d. Is d a prime number?
False
Let p(r) be the second derivative of -r**3 - 16*r + 1/2*r**2 + 5/6*r**4 + 0. Is p(8) a prime number?
True
Suppose 24*u = 190917 + 22827. Suppose 0 = 30*k - 32*k + u. Is k a prime number?
False
Suppose 0 = 3*n - 6 - 9. Suppose 0 = -j + 1 - 0, n*z - j = -151. Let q = z + 113. Is q prime?
True
Let d = 6221 + 47258. Is d a composite number?
False
Is 28/(-140) + ((-11976768)/75)/(1/(-5)) a prime number?
True
Let n = 211902 + -97043. Is n a composite number?
False
Let a(g) = -g**3 - g**2 + 8*g + 13 - g**2 + 10 + 3*g**3. Is a(10) a composite number?
True
Is (54/81)/(1162349/1162347 - 1) a composite number?
False
Let a(h) = h**3 + 20*h**2 - 15*h + 1. Suppose 41*b = 44*b - 9. Suppose -x = 5*i - 62, -b = 3*x + 6. Is a(i) prime?
False
Let h(z) = -1202*z - 95. Is h(-8) prime?
True
Suppose -3*c - 2*c = 3875. Let p = c - -1098. Let y = 1400 - p. Is y a composite number?
True
Suppose 4*b = -3 + 3. Suppose x = -b*x, -405 = -5*y - x. Suppose 1955 = -y*c + 86*c. Is c a prime number?
False
Let h = 62 - -3909. Let q = h + -2314. Is q prime?
True
Let f = 3033 + 2866. Is f composite?
True
Suppose 3*g + 705954 = 4*m - 1666, -2*m + 353694 = 13*g. Is m a composite number?
False
Let f(q) = -q**3 - 3*q**2 + 7*q + 12. Let a be f(-4). Let h be 24/(-36)*(a - 7359). Suppose 2*d = 3*t + h, 6 - 2 = t. Is d a composite number?
False
Suppose -3 = -2*v + 5*v. Is v/(((-6)/198)/((-853)/(-3))) a prime number?
False
Suppose 819438 = -55*z + 61*z. Is z composite?
False
Suppose -5*i + 2 = 2*o + 32, 0 = o - i + 1. Let f be (11 + o)*(1 + 167). Let t = f + 155. Is t prime?
True
Let l = -251 - -260. Suppose -42242 - 2353 = -l*h. Is h composite?
True
Is (-15)/(-40) - (1 - (-61236)/(-32)) prime?
True
Is (-22)/55 - 252487/(-5) prime?
